{"id":150,"date":"2026-03-26T12:11:31","date_gmt":"2026-03-26T11:11:31","guid":{"rendered":"https:\/\/fsebase.jesusguirao.es\/?page_id=150"},"modified":"2026-04-01T16:03:56","modified_gmt":"2026-04-01T14:03:56","slug":"pruebas","status":"publish","type":"page","link":"https:\/\/fsebase.jesusguirao.es\/index.php\/pruebas\/","title":{"rendered":"Pruebas"},"content":{"rendered":"\n<section class=\"wp-block-group jg-seccion jg-proceso is-layout-flow wp-block-group-is-layout-flow\">\n<div class=\"wp-block-group jg-contenedor jg-contenedor--contenido is-layout-flow wp-block-group-is-layout-flow\">\n<div class=\"wp-block-group jg-proceso__cabecera is-layout-flow wp-block-group-is-layout-flow\">\n<h2 class=\"wp-block-heading\">T\u00edtulo secci\u00f3n pasos<\/h2>\n\n\n\n<p>Breve p\u00e1rrafo introductorio.<\/p>\n<\/div>\n\n\n\n<div class=\"wp-block-group jg-proceso__lista is-layout-flow wp-block-group-is-layout-flow\">\n<div class=\"wp-block-group jg-proceso__paso is-layout-flow wp-block-group-is-layout-flow\">\n<div class=\"wp-block-group jg-proceso__numero is-layout-flow wp-block-group-is-layout-flow\">\n<p>01<\/p>\n<\/div>\n\n\n\n<div class=\"wp-block-group jg-proceso__contenido is-layout-flow wp-block-group-is-layout-flow\">\n<h3 class=\"wp-block-heading\">Paso 01<\/h3>\n\n\n\n<p>Descripci\u00f3n del paso.<\/p>\n<\/div>\n<\/div>\n\n\n\n<div class=\"wp-block-group jg-proceso__paso is-layout-flow wp-block-group-is-layout-flow\">\n<div class=\"wp-block-group jg-proceso__numero is-layout-flow wp-block-group-is-layout-flow\">\n<p>02<\/p>\n<\/div>\n\n\n\n<div class=\"wp-block-group jg-proceso__contenido is-layout-flow wp-block-group-is-layout-flow\">\n<h3 class=\"wp-block-heading\">Paso 02<\/h3>\n\n\n\n<p>Descripci\u00f3n del paso.<\/p>\n<\/div>\n<\/div>\n\n\n\n<div class=\"wp-block-group jg-proceso__paso is-layout-flow wp-block-group-is-layout-flow\">\n<div class=\"wp-block-group jg-proceso__numero is-layout-flow wp-block-group-is-layout-flow\">\n<p>03<\/p>\n<\/div>\n\n\n\n<div class=\"wp-block-group jg-proceso__contenido is-layout-flow wp-block-group-is-layout-flow\">\n<h3 class=\"wp-block-heading\">Paso 03<\/h3>\n\n\n\n<p>Descripci\u00f3n del paso.<\/p>\n<\/div>\n<\/div>\n<\/div>\n<\/div>\n<\/section>\n","protected":false},"excerpt":{"rendered":"<p>T\u00edtulo secci\u00f3n pasos Breve p\u00e1rrafo introductorio. 01 Paso 01 Descripci\u00f3n del paso. 02 Paso 02 Descripci\u00f3n del paso. 03 Paso 03 Descripci\u00f3n del paso.<\/p>\n","protected":false},"author":1,"featured_media":0,"parent":0,"menu_order":0,"comment_status":"closed","ping_status":"closed","template":"","meta":{"footnotes":""},"class_list":["post-150","page","type-page","status-publish","hentry"],"_links":{"self":[{"href":"https:\/\/fsebase.jesusguirao.es\/index.php\/wp-json\/wp\/v2\/pages\/150","targetHints":{"allow":["GET"]}}],"collection":[{"href":"https:\/\/fsebase.jesusguirao.es\/index.php\/wp-json\/wp\/v2\/pages"}],"about":[{"href":"https:\/\/fsebase.jesusguirao.es\/index.php\/wp-json\/wp\/v2\/types\/page"}],"author":[{"embeddable":true,"href":"https:\/\/fsebase.jesusguirao.es\/index.php\/wp-json\/wp\/v2\/users\/1"}],"replies":[{"embeddable":true,"href":"https:\/\/fsebase.jesusguirao.es\/index.php\/wp-json\/wp\/v2\/comments?post=150"}],"version-history":[{"count":22,"href":"https:\/\/fsebase.jesusguirao.es\/index.php\/wp-json\/wp\/v2\/pages\/150\/revisions"}],"predecessor-version":[{"id":267,"href":"https:\/\/fsebase.jesusguirao.es\/index.php\/wp-json\/wp\/v2\/pages\/150\/revisions\/267"}],"wp:attachment":[{"href":"https:\/\/fsebase.jesusguirao.es\/index.php\/wp-json\/wp\/v2\/media?parent=150"}],"curies":[{"name":"wp","href":"https:\/\/api.w.org\/{rel}","templated":true}]}}